r of 101242448?
False
Is 59880630 a multiple of 51?
True
Does 2259 divide 54999732?
False
Is 46747168 a multiple of 26?
True
Does 24 divide 342745080?
True
Is 202 a factor of 28055376?
True
Is 1096913952 a multiple of 96?
True
Is 980476417 a multiple of 253?
False
Is 494 a factor of 6744088?
True
Is 144 a factor of 31128192?
True
Is 2370 a factor of 532956690?
False
Does 755 divide 84125120?
True
Is 15 a factor of 1465113709?
False
Does 748 divide 340906236?
True
Is 374918193 a multiple of 69?
True
Is 2353921264 a multiple of 7837?
False
Is 13 a factor of 40086839?
True
Does 24 divide 175192032?
True
Is 36 a factor of 211101079?
False
Is 147383830 a multiple of 64?
False
Is 323 a factor of 4939316?
True
Is 5 a factor of 1639370?
True
Is 56782584 a multiple of 782?
True
Does 58 divide 83513177?
False
Does 10 divide 42658440?
True
Does 3 divide 482416113?
True
Is 85009794 a multiple of 222?
True
Does 246 divide 2357446?
False
Is 15 a factor of 265666?
False
Is 443 a factor of 39407951?
True
Is 1205627311 a multiple of 7391?
True
Is 1687929707 a multiple of 117?
False
Is 22 a factor of 464860673?
False
Is 811172040 a multiple of 62?
True
Does 351 divide 76095250?
False
Does 240 divide 189631678?
False
Is 2509 a factor of 513194525?
False
Does 5 divide 218811432?
False
Is 2659 a factor of 29141684?
False
Is 2161 a factor of 182092951?
False
Is 115931155 a multiple of 115?
True
Is 2997 a factor of 22714263?
True
Is 39 a factor of 40862019?
False
Is 3475 a factor of 831662824?
False
Is 431 a factor of 5983669?
False
Does 475 divide 204716450?
True
Is 95685759 a multiple of 39?
True
Does 112 divide 1228289?
False
Is 51 a factor of 11000904?
True
Is 579 a factor of 27955099?
False
Is 233704282 a multiple of 4?
False
Is 1100 a factor of 30363433?
False
Is 200045664 a multiple of 72?
True
Is 611402229 a multiple of 639?
True
Is 72 a factor of 17444520?
True
Is 5850492 a multiple of 2129?
True
Is 189004172 a multiple of 1862?
True
Does 47 divide 118760023?
True
Is 106235591 a multiple of 23?
False
Does 15 divide 83323335?
True
Is 1029 a factor of 29371776?
True
Is 629629919 a multiple of 900?
False
Is 3459 a factor of 555231762?
True
Is 26 a factor of 391515982?
True
Is 2663 a factor of 557038351?
True
Is 22944373 a multiple of 65?
False
Is 1039759620 a multiple of 276?
True
Is 313 a factor of 54700506?
True
Does 1029 divide 127686185?
False
Is 112 a factor of 1498629894?
False
Does 42 divide 303527028?
True
Is 2688 a factor of 556659860?
False
Is 12 a factor of 39609636?
True
Is 30 a factor of 31955788?
False
Does 168 divide 242385113?
False
Is 27660930 a multiple of 110?
True
Does 161 divide 18943217?
False
Is 290011468 a multiple of 131?
True
Is 58222112 a multiple of 416?
True
Is 444028049 a multiple of 3219?
False
Is 272815550 a multiple of 637?
False
Does 13 divide 11149374?
False
Is 7 a factor of 47526835?
False
Is 28290979 a multiple of 3?
False
Is 157 a factor of 214752181?
False
Does 16 divide 138786498?
False
Is 200847321 a multiple of 13?
False
Is 54 a factor of 131085594?
True
Is 1238 a factor of 16679574?
True
Does 6 divide 715878246?
True
Does 73 divide 9204326?
False
Does 4082 divide 121937504?
True
Does 48 divide 53341920?
True
Does 7 divide 17040355?
False
Does 360 divide 26796240?
True
Does 427 divide 175941209?
False
Does 1972 divide 34741424?
False
Is 257 a factor of 293207445?
True
Does 124 divide 1944940?
True
Does 175 divide 71151724?
False
Does 838 divide 272166237?
False
Is 55570997 a multiple of 303?
False
Is 58 a factor of 109921252?
True
Is 30 a factor of 17043870?
True
Is 734 a factor of 9064137?
False
Is 5 a factor of 1098215863?
False
Does 1906 divide 36827792?
False
Does 338 divide 4639948?
False
Does 6 divide 45173416?
False
Is 413 a factor of 39319665?
True
Is 112214037 a multiple of 44?
False
Does 27 divide 129832821?
True
Does 360 divide 1695169804?
False
Is 11223910 a multiple of 10?
True
Does 14 divide 109701862?
False
Does 642 divide 78284734?
False
Is 356934833 a multiple of 43?
False
Is 115 a factor of 42688690?
True
Is 25 a factor of 6979373?
False
Is 878712705 a multiple of 689?
True
Is 1203868373 a multiple of 46?
False
Does 6975 divide 353932425?
True
Is 113896733 a multiple of 151?
True
Does 110 divide 350703002?
False
Is 828 a factor of 804196396?
False
Is 246664800 a multiple of 100?
True
Does 350 divide 270805500?
True
Is 160 a factor of 19816160?
True
Does 15 divide 119675686?
False
Is 22250778 a multiple of 583?
True
Is 2680508 a multiple of 133?
False
Is 85 a factor of 390259877?
False
Is 34 a factor of 9616730?
True
Is 1145120 a multiple of 32?
True
Is 8 a factor of 298907626?
False
Is 2069 a factor of 1352327366?
True
Does 919 divide 2800594?
False
Is 20 a factor of 2066574780?
True
Does 60 divide 4455545858?
False
Is 195002216 a multiple of 732?
False
Does 149 divide 33012692?
False
Is 436142921 a multiple of 133?
False
Is 38339688 a multiple of 37?
False
Is 622418632 a multiple of 19?
False
Is 29740472 a multiple of 46?
True
Does 40 divide 2072480?
True
Does 343 divide 684515839?
True
Does 351 divide 9965507?
False
Is 391 a factor of 365424714?
False
Does 931 divide 36537368?
False
Is 175 a factor of 254645300?
True
Is 57 a factor of 119575345?
False
Is 20254696 a multiple of 308?
True
Is 374745192 a multiple of 696?
True
Does 926 divide 4053156634?
True
Is 71 a factor of 12446967?
False
Is 2134 a factor of 251933638?
True
Does 1960 divide 204518641?
False
Is 63 a factor of 29447946?
False
Is 72149427 a multiple of 12?
False
Is 109616323 a multiple of 674?
False
Does 7 divide 4331530?
True
Is 56 a factor of 10767288?
True
Is 57 a factor of 55262075?
False
Is 14 a factor of 13983858?
True
Is 869181 a multiple of 199?
False
Is 617 a factor of 191505795?
False
Is 1469 a factor of 23874188?
True
Is 8491367 a multiple of 22?
False
Does 199 divide 162678842?
False
Is 1087 a factor of 37904384?
False
Is 584 a factor of 281488?
True
Is 59 a factor of 390284397?
False
Is 6 a factor of 2040049650?
True
Is 3 a factor of 280343498?
False
Does 6 divide 86121364?
False
Does 838 divide 2660099258?
False
Does 2811 divide 294244236?
True
Is 435812100 a multiple of 13?
False
Is 7 a factor of 1907605?
True
Is 451 a factor of 481825850?
True
Is 3178212711 a multiple of 8729?
False
Is 74 a factor of 54909998?
True
Does 4004 divide 1000523524?
True
Is 5 a factor of 39938520?
True
Is 6 a factor of 101355780?
True
Is 324 a factor of 5919378?
False
Is 19956041 a multiple of 6755?
False
Is 2415471490 a multiple of 1465?
True
Is 336974204 a multiple of 312?
False
Does 18 divide 3129552269?
False
Is 141634597 a multiple of 148?
False
Is 1704300 a multiple of 164?
False
Is 15044925 a multiple of 6?
False
Is 27 a factor of 1187316153?
False
Is 53 a factor of 264918578?
False
Is 102082200 a multiple of 118?
False
Is 10 a factor of 18173110?
True
Does 9 divide 86980217?
False
Is 21 a factor of 535983?
True
Is 967732 a multiple of 317?
False
Is 2997 a factor of 3433231332?
True
Is 350 a factor of 144175070?
False
Is 29969190 a multiple of 9?
True
Is 902906 a multiple of 5?
False
Is 1633994 a multiple of 463?
False
Does 1761 divide 208137873?
True
Is 523744 a multiple of 380?
False
Is 20882619 a multiple of 6?
False
Is 21 a factor of 272173755?
True
Is 2756 a factor of 665943304?
True
Is 1801 a factor of 184421863?
False
Does 44 divide 256105256?
True
Does 10 divide 240055340?
True
Does 22 divide 75354268?
True
Does 13 divide 6551428681?
False
Does 577 divide 25778052?
True
Is 10 a factor of 263879599?
False
Is 212065456 a multiple of 36?
False
Is 813 a factor of 100231616?
False
Is 669156877 a multiple of 3?
False
Is 3661655560 a multiple of 8?
True
Does 2910 divide 5079189660?
True
Is 56 a factor of 357421445?
False
Does 8 divide 31902496?
True
Is 16 a factor of 62578965?
False
Is 108 a factor of 2267297863?
False
Is 16905020 a multiple of 86?
True
Is 16029260 a multiple of 371?
False
Does 15 divide 277126020?
True
Is 1739 a factor of 40426654?
False
Does 57 divide 64572621?
True
Does 804 divide 456728312?
False
Is 89157429 a multiple of 29?
False
Is 379 a factor of 28133686?
False
Does 199 divide 279098957?
False
Is 1963 a factor of 77357904?
True
Does 210 divide 705670680?
False
Is 6 a factor of 31301912?
False
Is 51776046